8171?
8
What is the units digit of 5292964?
4
What is the tens digit of 14132297?
9
What is the hundred thousands digit of 2601341?
6
What is the tens digit of 2475534?
3
What is the hundreds digit of 7021974?
9
What is the hundred thousands digit of 118545?
1
What is the ten thousands digit of 95761?
9
What is the tens digit of 346481?
8
What is the thousands digit of 70218?
0
What is the hundreds digit of 19259083?
0
What is the ten millions digit of 12963919?
1
What is the tens digit of 4128134?
3
What is the tens digit of 323278?
7
What is the tens digit of 279020?
2
What is the ten thousands digit of 1023837?
2
What is the tens digit of 591110?
1
What is the tens digit of 8913952?
5
What is the units digit of 3124907?
7
What is the tens digit of 277649?
4
What is the ten thousands digit of 996655?
9
What is the hundreds digit of 419568?
5
What is the hundred thousands digit of 2701625?
7
What is the hundreds digit of 440710?
7
What is the hundred thousands digit of 1788959?
7
What is the tens digit of 7786?
8
What is the hundreds digit of 173522?
5
What is the tens digit of 3812964?
6
What is the ten thousands digit of 1850303?
5
What is the tens digit of 142651?
5
What is the thousands digit of 398276?
8
What is the hundred thousands digit of 3109448?
1
What is the units digit of 13648?
8
What is the tens digit of 101471?
7
What is the ten millions digit of 13712031?
1
What is the hundreds digit of 2157812?
8
What is the ten thousands digit of 4954720?
5
What is the units digit of 263174?
4
What is the hundred thousands digit of 107867?
1
What is the ten thousands digit of 205380?
0
What is the hundreds digit of 17103019?
0
What is the thousands digit of 19776?
9
What is the millions digit of 9100749?
9
What is the tens digit of 153388?
8
What is the units digit of 5706643?
3
What is the hundreds digit of 1910101?
1
What is the thousands digit of 99166?
9
What is the thousands digit of 12333?
2
What is the hundred thousands digit of 14469895?
4
What is the hundred thousands digit of 1803991?
8
What is the tens digit of 7364444?
4
What is the ten thousands digit of 2517049?
1
What is the thousands digit of 823919?
3
What is the hundred thousands digit of 204520?
2
What is the units digit of 1561942?
2
What is the tens digit of 344636?
3
What is the ten thousands digit of 766583?
6
What is the tens digit of 221970?
7
What is the millions digit of 1329817?
1
What is the thousands digit of 27538140?
8
What is the units digit of 1546764?
4
What is the hundred thousands digit of 30796092?
7
What is the hundred thousands digit of 521687?
5
What is the tens digit of 130991?
9
What is the units digit of 74214?
4
What is the millions digit of 11323008?
1
What is the tens digit of 2020367?
6
What is the thousands digit of 290195?
0
What is the ten thousands digit of 15718423?
1
What is the thousands digit of 48877?
8
What is the thousands digit of 943639?
3
What is the units digit of 435555?
5
What is the thousands digit of 4315582?
5
What is the tens digit of 572361?
6
What is the thousands digit of 16118244?
8
What is the hundred thousands digit of 501896?
5
What is the thousands digit of 269043?
9
What is the hundred thousands digit of 154066?
1
What is the units digit of 179308?
8
What is the hundred thousands digit of 813415?
8
What is the tens digit of 210837?
3
What is the hundred thousands digit of 233430?
2
What is the thousands digit of 309399?
9
What is the hundreds digit of 890516?
5
What is the thousands digit of 432579?
2
What is the units digit of 274143?
3
What is the units digit of 352248?
8
What is the thousands digit of 1020685?
0
What is the tens digit of 1207515?
1
What is the hundreds digit of 11195330?
3
What is the hundreds digit of 477630?
6
What is the tens digit of 18617095?
9
What is the ten thousands digit of 27000769?
0
What is the hundred thousands digit of 356958?
3
What is the thousands digit of 1154725?
4
What is the hundred thousands digit of 480690?
4
What is the hundreds digit of 2610171?
1
What is the thousands digit of 1347978?
7
What is the thousands digit of 2285474?
5
What is the ten thousands digit of 1410753?
1
What is the ten thousands digit of 1343525?
4
What is the tens digit of 971241?
4
What is the hundred thousands digit of 6954597?
9
What is the thousands digit of 2824576?
4
What is the ten millions digit of 10012327?
1
What is the hundreds digit of 92396?
3
What is the thousands digit of 476864?
6
What is the units digit of 1032372?
2
What is the hundreds digit of 477?
4
What is the tens digit of 209187?
8
What is the hundreds digit of 476550?
5
What is the millions digit of 3145515?
3
What is the tens digit of 27886324?
2
What is the ten millions digit of 15942835?
1
What is the tens digit of 3255708?
0
What is the ten thousands digit of 942078?
4
What is the thousands digit of 88061?
8
What is the thousands digit of 50930?
0
What is the ten thousands digit of 13555684?
5
What is the units digit of 454586?
6
What is the hundreds digit of 2005206?
2
What is the hundreds digit of 887452?
4
What is the hundred thousands digit of 889526?
8
What is the hundred thousands digit of 228146?
2
What is the hundred thousands digit of 239553?
2
What is the units digit of 18402413?
3
What is the thousands digit of 8672130?
2
What is the units digit of 8049615?
5
What is the ten thousands digit of 22225092?
2
What is the hundred thousands digit of 2548191?
5
What is the units digit of 22477024?
4
What is the units digit of 1406062?
2
What is the hundreds digit of 4820550?
5
What is the hundred thousands digit of 7140136?
1
What is the tens digit of 15520530?
3
What is the millions digit of 15021881?
5
What is the thousands digit of 1084669?
4
What is the hundreds digit of 159051?
0
What is the units digit of 808024?
4
What is the ten millions digit of 15893580?
1
What is the hundred thousands digit of 321238?
3
What is the hundreds digit of 2257804?
8
What is the thousands digit of 832106?
2
What is the ten millions digit of 21277616?
2
What is the tens digit of 1042531?
3
What is the ten thousands digit of 110016?
1
What is the ten thousands digit of 251955?
5
What is the ten thousands digit of 685074?
8
What is the hundred thousands digit of 385005?
3
What is the ten thousands digit of 291157?
9
What is the ten thousands digit of 3261120?
6
What is the tens digit of 10287661?
6
What is the units digit of 433306?
6
What is the thousands digit of 584373?
4
What is the units digit of 1824340?
0
What is the millions digit of 7091335?
7
What is the units digit of 1962906?
6
What is the thousands digit of 933449?
3
What is the hundreds digit of 197721?
7
What is the tens digit of 19785?
8
What is the units digit of 352605?
5
What is the hundreds digit of 841886?
8
What is the tens digit of 99737?
3
What is the tens digit of 190347?
4
What is the hundred thousands digit of 155204?
1
What is the units digit of 62418?
8
What is the hundreds digit of 2866222?
2
What is the thousands digit of 3696491?
6
What is the tens digit of 238895?
9
What is the tens digit of 38600116?
1
What is the thousands digit of 348863?
8
What is the hundreds digit of 476358?
3
What is the thousands digit of 202871?
2
What is the hundred thousands digit of 15952882?
9
What is the hundred thousands digit of 32720450?
7
What is the hundred thousands digit of 4376608?
3
What is the hundred thousands digit of 2174177?
1
What is the units digit of 1028985?
5
What is the tens digit of 20183683?
8
What is the units digit of 1433059?
9
What is the millions digit of 1409485?
1
What is the ten thousands digit of 5249113?
4
What is the ten thousands digit of 1339668?
3
What is the thousands digit of 1450853?
0
What is the hundred thousands digit of 36222282?
2
What is the hundreds digit of 93340?
3
What is the hundreds digit of 9076502?
5
What is the units digit of 27631?
1
What is the tens digit of 810570?
7
What is the thousands digit of 1242?
1
What is the tens digit of 104385?
8
What is the tens digit of 663485?
8
What is the units digit of 30056?
6
What is the hundred thousands digit of 590265?
5
What is the hundred thousands digit of 976849?
9
What is the tens digit of 1008789?
8
What is the thousands digit of 19877896?
7
What is the thousand